[INFO] fetching crate kqueue 1.0.1...
[INFO] checking kqueue-1.0.1 against master#af3c6e733a40e671550e0f0f5aeecaa13772ba56 for pr-74989
[INFO] extracting crate kqueue 1.0.1 into /workspace/builds/worker-7/source
[INFO] validating manifest of crates.io crate kqueue 1.0.1 on toolchain af3c6e733a40e671550e0f0f5aeecaa13772ba56
[INFO] running `Command { std: "/workspace/cargo-home/bin/cargo" "+af3c6e733a40e671550e0f0f5aeecaa13772ba56" "read-manifest" "--manifest-path" "Cargo.toml", kill_on_drop: false }`
[INFO] started tweaking crates.io crate kqueue 1.0.1
[INFO] finished tweaking crates.io crate kqueue 1.0.1
[INFO] tweaked toml for crates.io crate kqueue 1.0.1 written to /workspace/builds/worker-7/source/Cargo.toml
[INFO] crate crates.io crate kqueue 1.0.1 already has a lockfile, it will not be regenerated
[INFO] running `Command { std: "/workspace/cargo-home/bin/cargo" "+af3c6e733a40e671550e0f0f5aeecaa13772ba56" "fetch" "--locked" "--manifest-path" "Cargo.toml", kill_on_drop: false }`
[INFO] [stderr]     Blocking waiting for file lock on package cache
[INFO] running `Command { std: "docker" "create" "-v" "/var/lib/crater-agent-workspace/builds/worker-7/target:/opt/rustwide/target:rw,Z" "-v" "/var/lib/crater-agent-workspace/builds/worker-7/source:/opt/rustwide/workdir:ro,Z" "-v" "/var/lib/crater-agent-workspace/cargo-home:/opt/rustwide/cargo-home:ro,Z" "-v" "/var/lib/crater-agent-workspace/rustup-home:/opt/rustwide/rustup-home:ro,Z" "-e" "SOURCE_DIR=/opt/rustwide/workdir" "-e" "CARGO_TARGET_DIR=/opt/rustwide/target" "-e" "CARGO_HOME=/opt/rustwide/cargo-home" "-e" "RUSTUP_HOME=/opt/rustwide/rustup-home" "-w" "/opt/rustwide/workdir" "-m" "1610612736" "--user" "0:0" "--network" "none" "rustops/crates-build-env@sha256:d92eaeed33fa75130ca1ee6c8a01d1ffb62bac859dfdfb3450e3e5d1c0146529" "/opt/rustwide/cargo-home/bin/cargo" "+af3c6e733a40e671550e0f0f5aeecaa13772ba56" "metadata" "--no-deps" "--format-version=1", kill_on_drop: false }`
[INFO] [stdout] 3821da85847de40f5d8636a30f4448d6895f1385c154f007b21e9938f9ec13f0
[INFO] [stderr] WARNING: Your kernel does not support swap limit capabilities or the cgroup is not mounted. Memory limited without swap.
[INFO] running `Command { std: "docker" "start" "-a" "3821da85847de40f5d8636a30f4448d6895f1385c154f007b21e9938f9ec13f0", kill_on_drop: false }`
[INFO] running `Command { std: "docker" "inspect" "3821da85847de40f5d8636a30f4448d6895f1385c154f007b21e9938f9ec13f0", kill_on_drop: false }`
[INFO] running `Command { std: "docker" "rm" "-f" "3821da85847de40f5d8636a30f4448d6895f1385c154f007b21e9938f9ec13f0", kill_on_drop: false }`
[INFO] [stdout] 3821da85847de40f5d8636a30f4448d6895f1385c154f007b21e9938f9ec13f0
[INFO] running `Command { std: "docker" "create" "-v" "/var/lib/crater-agent-workspace/builds/worker-7/target:/opt/rustwide/target:rw,Z" "-v" "/var/lib/crater-agent-workspace/builds/worker-7/source:/opt/rustwide/workdir:ro,Z" "-v" "/var/lib/crater-agent-workspace/cargo-home:/opt/rustwide/cargo-home:ro,Z" "-v" "/var/lib/crater-agent-workspace/rustup-home:/opt/rustwide/rustup-home:ro,Z" "-e" "SOURCE_DIR=/opt/rustwide/workdir" "-e" "CARGO_TARGET_DIR=/opt/rustwide/target" "-e" "CARGO_INCREMENTAL=0" "-e" "RUST_BACKTRACE=full" "-e" "RUSTFLAGS=--cap-lints=forbid" "-e" "CARGO_HOME=/opt/rustwide/cargo-home" "-e" "RUSTUP_HOME=/opt/rustwide/rustup-home" "-w" "/opt/rustwide/workdir" "-m" "1610612736" "--user" "0:0" "--network" "none" "rustops/crates-build-env@sha256:d92eaeed33fa75130ca1ee6c8a01d1ffb62bac859dfdfb3450e3e5d1c0146529" "/opt/rustwide/cargo-home/bin/cargo" "+af3c6e733a40e671550e0f0f5aeecaa13772ba56" "check" "--frozen" "--all" "--all-targets" "--message-format=json", kill_on_drop: false }`
[INFO] [stdout] e0fcfe72affc1a079d39d96bd99e199eda1bf97c3eb04e624c5571314e44501e
[INFO] [stderr] WARNING: Your kernel does not support swap limit capabilities or the cgroup is not mounted. Memory limited without swap.
[INFO] running `Command { std: "docker" "start" "-a" "e0fcfe72affc1a079d39d96bd99e199eda1bf97c3eb04e624c5571314e44501e", kill_on_drop: false }`
[INFO] [stderr]     Blocking waiting for file lock on package cache
[INFO] [stderr]     Blocking waiting for file lock on package cache
[INFO] [stderr]    Compiling getrandom v0.1.14
[INFO] [stderr]     Checking cfg-if v0.1.10
[INFO] [stderr]    Compiling bitflags v1.2.1
[INFO] [stderr]     Checking ppv-lite86 v0.2.8
[INFO] [stderr]     Checking kqueue-sys v1.0.1
[INFO] [stdout] error[E0412]: cannot find type `EventFilter` in this scope
[INFO] [stdout]   --> /opt/rustwide/cargo-home/registry/src/github.com-1ecc6299db9ec823/kqueue-sys-1.0.1/src/lib.rs:22:17
[INFO] [stdout]    |
[INFO] [stdout] 22 |     pub filter: EventFilter,
[INFO] [stdout]    |                 ^^^^^^^^^^^ not found in this scope
[INFO] [stdout] 
[INFO] [stdout] 
[INFO] [stdout] error[E0412]: cannot find type `EventFlag` in this scope
[INFO] [stdout]   --> /opt/rustwide/cargo-home/registry/src/github.com-1ecc6299db9ec823/kqueue-sys-1.0.1/src/lib.rs:23:16
[INFO] [stdout]    |
[INFO] [stdout] 23 |     pub flags: EventFlag,
[INFO] [stdout]    |                ^^^^^^^^^ not found in this scope
[INFO] [stdout] 
[INFO] [stdout] 
[INFO] [stdout] error[E0412]: cannot find type `FilterFlag` in this scope
[INFO] [stdout]   --> /opt/rustwide/cargo-home/registry/src/github.com-1ecc6299db9ec823/kqueue-sys-1.0.1/src/lib.rs:24:17
[INFO] [stdout]    |
[INFO] [stdout] 24 |     pub fflags: FilterFlag,
[INFO] [stdout]    |                 ^^^^^^^^^^ not found in this scope
[INFO] [stdout] 
[INFO] [stdout] 
[INFO] [stdout] error[E0412]: cannot find type `EventFilter` in this scope
[INFO] [stdout]   --> /opt/rustwide/cargo-home/registry/src/github.com-1ecc6299db9ec823/kqueue-sys-1.0.1/src/lib.rs:58:17
[INFO] [stdout]    |
[INFO] [stdout] 58 |         filter: EventFilter,
[INFO] [stdout]    |                 ^^^^^^^^^^^ not found in this scope
[INFO] [stdout] 
[INFO] [stdout] 
[INFO] [stdout] error[E0412]: cannot find type `EventFlag` in this scope
[INFO] [stdout]   --> /opt/rustwide/cargo-home/registry/src/github.com-1ecc6299db9ec823/kqueue-sys-1.0.1/src/lib.rs:59:16
[INFO] [stdout]    |
[INFO] [stdout] 59 |         flags: EventFlag,
[INFO] [stdout]    |                ^^^^^^^^^ not found in this scope
[INFO] [stdout] 
[INFO] [stdout] 
[INFO] [stdout] error[E0412]: cannot find type `FilterFlag` in this scope
[INFO] [stdout]   --> /opt/rustwide/cargo-home/registry/src/github.com-1ecc6299db9ec823/kqueue-sys-1.0.1/src/lib.rs:60:17
[INFO] [stdout]    |
[INFO] [stdout] 60 |         fflags: FilterFlag,
[INFO] [stdout]    |                 ^^^^^^^^^^ not found in this scope
[INFO] [stdout] 
[INFO] [stdout] 
[INFO] [stdout] error: aborting due to 6 previous errors
[INFO] [stdout] 
[INFO] [stdout] 
[INFO] [stdout] For more information about this error, try `rustc --explain E0412`.
[INFO] [stdout] 
[INFO] [stderr] error: could not compile `kqueue-sys`.
[INFO] [stderr] 
[INFO] [stderr] To learn more, run the command again with --verbose.
[INFO] [stderr] warning: build failed, waiting for other jobs to finish...
[INFO] [stderr] error: build failed
[INFO] running `Command { std: "docker" "inspect" "e0fcfe72affc1a079d39d96bd99e199eda1bf97c3eb04e624c5571314e44501e", kill_on_drop: false }`
[INFO] running `Command { std: "docker" "rm" "-f" "e0fcfe72affc1a079d39d96bd99e199eda1bf97c3eb04e624c5571314e44501e", kill_on_drop: false }`
[INFO] [stdout] e0fcfe72affc1a079d39d96bd99e199eda1bf97c3eb04e624c5571314e44501e
